 remainder when 67 is divided by w(-17).
32
Suppose 93*f - 153582 = -98*f + 48*f. Calculate the remainder when f is divided by 77.
73
Suppose -u + 0*u = -2*b + 72, 0 = -5*u + 10. Let x = -157029 - -157037. What is the remainder when b is divided by x?
5
What is the remainder when 109 is divided by (-29 + 13)/((-24)/28)*6/7?
13
Suppose -12610 = -5*g - 5*o - 490, -4*g + 4*o + 9656 = 0. Calculate the remainder when g is divided by 37.
14
Suppose -24*o = -45*o + 23*o - 158. Calculate the remainder when 608 is divided by o.
55
Let n = 6878 + -2293. Calculate the remainder when n is divided by 74.
71
Let o = -21349 + 23496. What is the remainder when o is divided by 424?
27
Let z(i) = 5*i**2 - 75*i + 543. Calculate the remainder when 821 is divided by z(8).
32
Suppose -27*z + 35 = -32*z. What is the remainder when 126 is divided by (-13 - z)/(2*(-6)/16)?
6
Let k(i) be the third derivative of -20*i**2 - 1/3*i**3 + 7/30*i**5 - 1/8*i**4 + 0*i + 0. Calculate the remainder when k(-1) is divided by 6.
3
Let h = -141 + 145. Suppose d = -h*j - 9 + 45, d = -5*j + 36. What is the remainder when 392 is divided by d?
32
Calculate the remainder when (-83974)/(-165) + -16 - (-2)/30 is divided by 58.
29
Suppose -88 = o - 5*o. Suppose 4*x - 5*n = 133, 5*x - 3*n - 163 = -0*x. Calculate the remainder when x is divided by o.
10
Let g be (-8)/(-6)*(8 - 5). Suppose -g*q + 6*w = w + 15, 3*w - 9 = -3*q. Suppose q = 2*h - 17 - 55. Calculate the remainder when 71 is divided by h.
35
Suppose -3*v - 5*k - 25 = 0, -7 - 8 = -3*v + 3*k. Suppose 5*f + f - 30 = v. Suppose 39 - 129 = -f*r. Calculate the remainder when 69 is divided by r.
15
Suppose 2*r + 2*o - 108 = 0, 3*r - 5*o - 230 = -2*r. Calculate the remainder when 529 is divided by r.
29
Let j be (-1)/5 + (-83060)/(-50). Suppose -v = -a + 1170, -4*a = 4*v - 6325 + j. Calculate the remainder when a is divided by 117.
115
Suppose -85 = -2*h - f, h + 25 = 2*h - 3*f. Calculate the remainder when ((-10)/(-4))/1*944/h is divided by 16.
11
Calculate the remainder when (-364)/1911 - 69934/(-21) is divided by 14.
12
Let g(l) = 15*l + 199. Let p be g(-13). Suppose -3*w = -p*o - 62, -3*w + 108 = 2*w - 2*o. Calculate the remainder when 60 is divided by w.
16
Suppose 0 = -4*d + 3*f + 18, 3*d - 2*f = -0*f + 13. What is the remainder when 30/(-75) + 524/10 is divided by d?
1
Suppose -4*n - 5 + 13 = 0. Suppose 6 = 4*q - n*q. Let h(d) = -d**2 - 6*d + 81. What is the remainder when h(6) is divided by q?
0
Let g be 0 + 0/2 - -43. Let d = g + 1. Let b = 746296 - 746284. What is the remainder when d is divided by b?
8
Suppose -4*w + 8*m + 16 = 7*m, -4*w = 2*m - 28. Calculate the remainder when w/(-4)*(-110 + -14) is divided by 53.
49
Let s = 195 - 513. Let j = 457 + s. What is the remainder when j is divided by 18?
13
Let w(q) = -4*q**2 + 9*q + 4. Let a be w(3). Let j = -1 - a. Suppose -3*n = j*n - 203. Calculate the remainder when 199 is divided by n.
25
What is the remainder when 1802 is divided by (27 + -2)*(-10 - (120/25 + -15))?
2
Let y(l) = 32*l**3 + l**2 - 1. Suppose -14 = -9*m - 5. Let g be y(m). Suppose -5*c + 142 = g. Calculate the remainder when c is divided by 3.
1
Calculate the remainder when 2282 is divided by 7/(-3) + (-556)/(-12).
38
Let f = 47 + 19. What is the remainder when 392 is divided by f?
62
Let a = 18 + -4. Suppose -233 = 9*x - 827. Calculate the remainder when x is divided by (-4)/a + 247/7.
31
Suppose 0 = -15*o + 21*o - 6. Suppose -80 = -0*c - 5*c. What is the remainder when (-1)/((80/(-78) + 1)/o) is divided by c?
7
Calculate the remainder when (-1193)/(-11) - -2*9/33 is divided by ((-87)/6)/((-1)/4).
51
Suppose 5*z - 4*h - 510 = -120, -z + 78 = 2*h. Suppose -39 = -3*w + z. What is the remainder when w is divided by 12?
3
Let g(f) = 2*f**2 + 8*f + 7. What is the remainder when g(-14) is divided by 6/(-4) + 6/(-12) - 40/(-2)?
17
Let i(g) = -31*g + 14. Let u be i(-2). Suppose 0*h + 5*l = -4*h + 72, 4*h - u = -4*l. What is the remainder when 83 is divided by h?
14
Suppose -32*j - 1364 = -34*j. Suppose j + 445 = 7*n. Let a(y) = 2*y**2 - 8*y - 1. Calculate the remainder when n is divided by a(7).
38
Suppose -2*f + w + 1 = 0, -4*f - 2*w + 23 = 1. Suppose 5*s - 109 = -a, 4*s - f*a - 2*a = 64. Calculate the remainder when 291 is divided by s.
18
Suppose 72*j + 2608 = 88*j. Calculate the remainder when j is divided by 74.
15
Suppose 0 = 12*d - 6*d + 24. Suppose 2*t = -5*p + 30, -3*t = 2*p - 17 - 6. Calculate the remainder when (11/d)/((-5)/(7 - -13)) is divided by p.
3
Let a = -220 + 441. Let o = a + -215. What is the remainder when 46 is divided by o?
4
Let f = 730 + -737. What is the remainder when (-386)/f + (-304)/266 is divided by 7?
5
Suppose 28*r = -7*r + 175. Suppose 7 = -2*x - r*n, -x - n + 13 = -4*n. What is the remainder when 19 is divided by x?
3
Let t(m) = -m**3 + 9*m**2 + 2*m. Let c be t(8). Let y = c + -74. What is the remainder when 32 is divided by y?
2
Suppose -80*o + 70*o = -480. Suppose p - 3*p + 30 = 0. What is the remainder when o is divided by p?
3
Suppose 3*v - 4*j - 63 + 36 = 0, -5*j - 15 = 0. Let q be 3 - (2 + -1) - 4. Let p = q - -6. What is the remainder when v is divided by p?
1
Suppose 0 = 4*r - o + 3*o - 70, -2*r - 4*o + 32 = 0. Suppose -r*w + 763 = -11*w. What is the remainder when w is divided by 10?
9
Calculate the remainder when (-3 - (-10)/25*5) + 3422 + 0 is divided by 3.
1
Let c(x) = 42*x + 12. Let u be c(-8). Let s be (1/(-2))/(6/u). Suppose 12 + s = 3*p. What is the remainder when 38 is divided by p?
12
Let d(a) = -46*a**2 + 1031*a - 1. Calculate the remainder when d(22) is divided by 106.
99
Let s be (-18 + 7)/(-3 - 1048/(-348)). Let d = s - -979. Suppose -4*u = -4*l + 244, 2*l - 86 - 48 = -u. Calculate the remainder when l is divided by d.
21
Calculate the remainder when 10014 is divided by (-3 + 2)/((-248)/5208).
18
Suppose 2 = 2*p - 12. Suppose 0 = -v + 2*o + 15, 0 = 4*v - 5*o - 41 - p. Calculate the remainder when 27 is divided by v.
6
Let l = 153 + 87. Suppose -3*v = -0*h - 3*h - l, -3*h - 317 = -4*v. Let n = v - 60. What is the remainder when 48 is divided by n?
14
Let t = -147 + 152. Suppose -t*q - 125 + 245 = 0. Calculate the remainder when q is divided by 4.
0
Let t be 495/(-27)*(4 + -1). Let c(p) = -65*p**3 + p. Let s be c(-1). Let k = s + t. Calculate the remainder when 21 is divided by k.
3
Suppose -2*z = -2*t + 2*z + 2424, 4*t - 3*z - 4843 = 0. What is the remainder when t is divided by 14?
6
Suppose 200991*f - 201001*f + 1210 = 0. What is the remainder when 239 is divided by f?
118
Suppose 441*b = -554*b + 42785. Suppose -z + 6*z = 120. Calculate the remainder when b is divided by z.
19
Suppose -29*w = -299 + 908. Let p(t) = -2*t**2 - 46*t + 78. What is the remainder when p(w) is divided by 38?
10
Let u = 3952 + -3946. What is the remainder when 203 is divided by u?
5
Suppose 0 = -244*c - 262 + 994. What is the remainder when 93 is divided by c?
0
What is the remainder when (-15414)/(-26) - (-11 - (-1128)/104) is divided by 99?
98
Suppose 13 + 457 = -d - 5*f, 3*f + 468 = -d. Let g = 792 + d. What is the remainder when g is divided by 30?
27
Let j(i) = i**3 + 19*i**2 + 27*i + 32. Let v be j(-17). Let s = -141 + v. What is the remainder when 57 is divided by s?
7
Let z be 2*-2*-3 + (11 - 13). Suppose 3*i + 4 - z = 0. Suppose -6*y + 5*y = -i. Calculate the remainder when 12 is divided by y.
0
Suppose -117 = -v + 317. Let o = -423 + v. Calculate the remainder when 481 is divided by o.
8
Suppose -9*d + 264 = 3*d. Let n = d + 8. Suppose 20 + n = 5*h. What is the remainder when 35 is divided by h?
5
Suppose -35*u + 1 = -34. What is the remainder when 233 is divided by u*83 - (3 + 5 + -9)?
65
Suppose h = 0, 0 = -4*x + 3*x - 3*h - 131. Let p = -100 - x. Calculate the remainder when p is divided by 17.
14
Calculate the remainder when 1809 is divided by ((-10)/70)/(16/(-67312)).
6
Let p(v) = 2*v - v**3 - 46 + v - 481*v**2 - 36 + 474*v**2 + v. Calculate the remainder when 148 is divided by p(-9).
16
Let x(o) = -3*o**2 + 12*o - 15. Let t be x(2). Let j(a) = 4*a**2 + 3*a - 10. Calculate the remainder when 152 is divided by j(t).
16
Suppose -v - 31*v + 196 = -4*v. Calculate the remainder when 916 is divided by v.
6
Let f = -2148 + 7743. What is the remainder when f is divided by 18